w be c(k). Let n(s) = -s**2 + 5*s + 1. Give n(w).
-5
Let r(d) = -d + 2. Let b = 28 - 24. Suppose 5*p - 5*n = 45, p - 6*p + b*n + 42 = 0. Calculate r(p).
-4
Let z(x) be the third derivative of x**6/360 + x**5/120 + 29*x**3/6 + 6*x**2. Let g(w) be the first derivative of z(w). What is g(-1)?
0
Let p = -3055/2 + 1530. Let t(n) be the first derivative of -p*n**2 - 1/3*n**3 + 8 + n. What is t(-4)?
5
Suppose 34*s - 33*s = -3. Let d(x) = 7*x**3 + 9*x**2 - 10*x - 7. Let b(v) = 4*v**3 + 5*v**2 - 5*v - 4. Let m(h) = s*d(h) + 5*b(h). Calculate m(-4).
13
Suppose -2 + 0 = -5*x - 3*n, x + 4*n = 14. Let g(t) = 10*t + 8. Calculate g(x).
-12
Let f(d) = -d**2 - d - 1. Let o be (50/(-35))/(2/(-14)). Suppose g = -4*j + 19, 3*g - o - 7 = -2*j. Suppose c = -j, 2*c = 3*i + 6*c + 22. What is f(i)?
-3
Let z(t) = -t**2 - 7*t - 6. Let s be z(-4). Let l(a) be the second derivative of -24*a + 1/6*a**3 - 5*a**2 + 0. Determine l(s).
-4
Let j = -14 - -8. Let m(s) = -54*s + 96*s + 6 - 40*s. Give m(j).
-6
Let v(n) = -6*n + 2 + 3*n + 0 - 2 + 4. Calculate v(-3).
13
Let s(u) = 4*u**2 - 4*u + 3. Let f(d) = 15*d**2 - 10 - 44*d**2 + 16*d**2 + 13*d. Let j(i) = -2*f(i) - 7*s(i). Give j(2).
-5
Let k(q) = 7*q**2 + q. Let f be (-4 + (-190)/(-25))/(3/15). Let x = 19 - f. Give k(x).
8
Let m(k) = 4 + k**2 - 54*k**3 + 55*k**3 - 3*k - 1 - 4*k**2. Let p(d) = d**3 - 2*d**2 + 4*d - 3. Let l be p(2). Let g = 8 - l. Determine m(g).
-6
Suppose 0 = -8*w - 32, -3*c + 2*w - 10 = 3*w. Let l(v) be the third derivative of -v**6/120 - v**5/30 + v**4/24 - v**3/3 + v**2. What is l(c)?
-4
Let b(i) = -6*i. Let r be 1/(-1*(-4)/8). Suppose -3*c + c = -r. What is b(c)?
-6
Let j(n) = -n**3 - 5*n**2. Suppose l - 170 = -4*l. Let v = -34 + l. Let t be -3 - v - (-14 + 16). Calculate j(t).
0
Let j(a) = -a + 5. Let t = 976 - 982. Determine j(t).
11
Let v(f) = 2*f + 2*f - 1 - f + f. Let j = 14 + -10. Determine v(j).
15
Let l(h) be the first derivative of h**3/3 + 8*h**2 + h - 132. What is l(-16)?
1
Suppose 0 = -0*t - 2*t. Suppose -4*a + 10 - 2 = t. Let o(y) = -y + 0*y + 0*y - a + 2*y. Determine o(-4).
-6
Let w(p) = p**2 + 3*p + 2. Let b(j) = -3*j**2 + 1. Let x(v) = b(v) - w(v). Determine x(-2).
-11
Let v(w) = -w**2 + w**3 + 0*w + 0*w - 3. Let c(a) = a**3 + 4*a**2 + 2*a + 8. Let l be c(-4). Determine v(l).
-3
Let i(n) = -34*n**2 + n**3 - 25*n**2 - 27 - 3*n + 23 + 60*n**2. Let c(p) = p**2 - 4*p + 1. Let m be c(2). What is i(m)?
-13
Let u(n) be the first derivative of n**2 - 3*n + 5/3*n**3 + 1/4*n**4 + 10. Give u(-4).
5
Let n(j) be the third derivative of -j**6/120 - 2*j**5/15 - 5*j**4/12 + 148*j**2. Determine n(-8).
80
Let a(s) be the first derivative of s**5/20 + 7*s**4/12 - 3*s**3/2 - 5*s**2/2 - 4*s + 1. Let v(o) be the first derivative of a(o). What is v(-8)?
3
Let j(v) be the first derivative of v**2 - 22*v + 309. What is j(13)?
4
Let q(g) = -3*g - 25. Let o be -62 + 45 - (-4 - (5 + -3)). Give q(o).
8
Let f(w) = w. Let i be -2 + -28*2 + 0. Let z = -62 - i. What is f(z)?
-4
Let a(b) = -b**3 + 2*b**2 + 9*b - 4. Let n be a(4). Let y(k) = 2*k - 4 - 5 + 2 + n. Give y(6).
5
Let b(h) = -h - 2 - 1 + 47*h**2 - 46*h**2. What is b(0)?
-3
Suppose 2*r + 41 = 37. Let p(u) = 10*u + 21. Calculate p(r).
1
Let u(h) = h. Let k = -5 - 2. Suppose -5*x = -9*x - 32. Let c = k - x. Give u(c).
1
Let t(u) = -u**3 + 3*u**2. Let q(l) = 7*l**3 - 34*l**2 - 13*l - 6. Let n(s) = -q(s) - 8*t(s). What is n(-9)?
-30
Let o(n) be the third derivative of n**6/120 - n**5/60 - n**3/6 - 4*n**2. Let r(f) = -f**2 + 6*f + 9. Let w be r(7). Give o(w).
3
Let b(d) = -28*d**2 + 0*d + 30*d**2 - 6*d - 5 - 3*d. Let c be b(5). Let z(t) = c*t + 6 - 2*t - 2*t - 5. Determine z(2).
-7
Let s = -34 + 39. Suppose f - 56 = s*f. Let h be f/(-4) - (-12)/8. Let a(i) = i + 1. What is a(h)?
6
Let w(r) = -r + 1. Let z = 163 + -239. Let c be 3/2*z/(-57). What is w(c)?
-1
Suppose 5*k - 4 = 3*k. Let a(p) = -5 - 68*p - 4 + p**k + 68*p + p**3. Let t be (-1 - -1)*4/(-12). Give a(t).
-9
Let h(o) = 3*o - 3*o - 1 - 3*o**3 + o**2. Suppose 2*m - 105*b + 100*b = -16, 2 = -5*m + 3*b. Determine h(m).
-21
Let t(z) = 3*z**2 - 2. Let k be (0 - 1)/(3/((-30)/(-2))). Let v(q) = q**3 + 7*q**2 + 10*q - 2. Let u be v(k). What is t(u)?
10
Suppose -8*j + 4*j = -24. Let x(i) be the second derivative of i**3/6 - i**2 - 3*i. Determine x(j).
4
Let q(p) = -p**3 - 7*p**2 + p + 15. Suppose -2*v = -2*a - 18, 3 = 3*a - 5*v + 34. Determine q(a).
8
Let c = -6 + 10. Let b(g) = -1 + g + c*g + g**2 + 7. Suppose -230 = 27*w + 19*w. What is b(w)?
6
Let v(d) = d**3 + 4*d**2 + 5*d + 2. Suppose -2*k = 7 + 1. Let j be v(k). Let b = 14 + j. Let s(o) = o**3 + 5*o**2 + 3*o. Calculate s(b).
4
Let u(y) be the second derivative of -7/20*y**5 - 1/12*y**4 + 1/6*y**3 + 0*y**2 - 28*y + 0. Calculate u(1).
-7
Let i be (-28)/(-84) + (-2)/((-6)/299). Let t be 40/i*50/4. Let k(z) = z**3 - 5*z**2 + 3*z - 5. Give k(t).
10
Suppose -4*n - 2*a = -n + 320, 328 = -3*n - 4*a. Let r = 100 + n. Let u(s) = s**3 + 3*s**2 - 4*s + 1. Give u(r).
1
Suppose 2*y = 2*r - 10, -5*r - 13 = 4*y - 2*r. Let a(n) = -n - 3. Give a(y).
1
Let r(o) = -1 + 4 - o**2 + 1 - o**2. Let p = 807 - 803. Calculate r(p).
-28
Let i = 1 - -4. Let m(n) = -10 + n - 4 + i. What is m(5)?
-4
Let d(s) be the second derivative of s**4/8 - 5*s**3/2 - 27*s**2/2 - 49*s. Let y(c) be the first derivative of d(c). Determine y(7).
6
Let o(y) be the third derivative of 5*y**4/8 - 3*y**2 + 9. Calculate o(1).
15
Let x(o) be the third derivative of o**5/60 - o**4/4 + 11*o**3/6 - 7*o**2 - 7*o. Calculate x(5).
6
Let t(d) be the third derivative of 0*d - 16*d**2 + 1/6*d**3 + 0 - 1/12*d**4. Calculate t(-3).
7
Suppose -w - 5*s - 18 = 0, 0 = w + w + s. Let h(q) be the third derivative of -q**5/20 + q**4/8 - 11*q**2 - 7*q. Give h(w).
-6
Let j(g) be the third derivative of 0 + 6*g**2 + 1/20*g**5 - 1/360*g**6 - 2/3*g**3 + 0*g - 5/24*g**4. Let u(x) be the first derivative of j(x). Give u(5).
0
Let b(g) = -2*g - 14. Let t(w) = w + 9. Let m(h) = 5*b(h) + 8*t(h). Let f(x) = x**2 - 4*x - 20. Let p be f(4). Let k be ((-45)/(-20))/((-15)/p). What is m(k)?
-4
Suppose a = -0*a - 4. Let f(v) = -225*v + 23*v**2 - 3 - 21*v**2 + 230*v. Calculate f(a).
9
Let l be (-4 + 4 + 1)*0 - -10. Let k(b) = -b**3 + 9*b**2 + 12*b - 23. Calculate k(l).
-3
Let n(a) = a**3 - 5*a**2 - 6*a + 9. Let p be n(6). Let x(u) = -p + u + 3 + 5 - u**3. Give x(-2).
5
Suppose -4 - 11 = 5*w. Let j(c) be the third derivative of 3*c**2 + 0 + 1/24*c**4 + 0*c + 1/2*c**3. Give j(w).
0
Let z be 3 + -1*(9 + 2). Let r(u) = -4*u - 6. Let k(n) = -11*n - 18. Let a(f) = z*r(f) + 3*k(f). Calculate a(-3).
-3
Let n(j) = 4 - 2 + 2*j - 3*j. Let x(d) = d**2 + d - 22. Let b be x(-5). What is n(b)?
4
Let x be 1/8 + (-62)/(-16). Let b(u) = 6*u**3 - u**3 + 8*u**2 - 7 + 6*u - 2*u**3. Let r(k) = -2*k**3 - 4*k**2 - 3*k + 4. Let j(c) = -3*b(c) - 5*r(c). Give j(x).
-11
Let z(q) = q**3 - 2*q**2 + q + 2. Let o(g) = -2*g**3 + 52*g**2 - 51*g + 27. Let n be o(25). Determine z(n).
4
Let l(h) = -h + 3. Let x be 4 - (-4 + 4 + 1). Suppose -60 = -x*d - 5*v, -32 = -4*d - 3*v + 59. Let b = 30 - d. Calculate l(b).
-2
Let g = 6 + 5. Suppose 5*o = -4*q + 17, o + 2 = 2*q + g. Let w(p) be the second derivative of 2*p**3/3 - p**2/2 + 3*p. Calculate w(q).
-9
Let z be 1/4 - 30/(-40) - (-8 - -4). Let c(g) = -3*g**2 + 5 + 4*g**2 - g - 2. What is c(z)?
23
Suppose -3*a + 5*a - 87 = 3*g, 4*g - 184 = -4*a. Let p = 45 - a. Let o(f) = -f**2 - 7. Give o(p).
-7
Let s(i) = i**2 + i + 2. Let v(q) = -q**3 - 4*q**2 + 5*q - 5. Let t be (1 - (-1 + 3))*35/7. Let b be v(t). Give s(b).
22
Let c(b) = 5*b**2 - 9*b - 16. Let g(i) = -4*i**2 + 8*i + 17. Let d(j) = 5*c(j) + 6*g(j). Let q(p) be the first derivative of d(p). Give q(3).
9
Suppose -11 = -3*t - 9*x + 4*x, 4*x - 12 = -4*t. Let u(i) = -7*i**2 + 5*i - 4. Let a(p) = -p**2 + p - 1. Let b(j) = -2*a(j) + u(j). Give b(t).
-16
Let f be 0 + 11/(-5) + (-14)/(-70). Let m(l) = l**3 + 2*l**2 + 2*l + 4. What is m(f)?
0
Let o(w) = -5*w + 6. Let f(q) = 6*q - 6. Let h(b) = 3*f(b) + 4*o(b). Determine h(7).
-8
Let c be 34/(-10) + 2/5. Let g(z) = -5*z - 18. Let n(t) = 4*t + 15. Let u(m) = -5*g(m) - 6*n(m). What is u(c)?
-3
Suppose 5*l + 0 = 15. Suppose -2*g + 27 = -l*u - 5*g, 2*g + 30 = -4*u. Let j(c) be the second derivative of c**4/12 + c**3 - 3*c**2 + 3*c. Determine j(u).
-6
